24
Convert 15222633 (base 8) to base 16.
35259b
Convert -110011101000010000000 (base 2) to base 11.
-a56069
What is 11a6b (base 16) in base 14?
1c4c3
What is 65340022 (base 7) in base 6?
315445304
-c5bcb (base 14) to base 3
-220020101102
What is 1000110110001100000000 (base 2) in base 8?
10661400
What is 351504 (base 10) in base 8?
1256420
What is 10000001000001101011 (base 2) in base 6?
15154415
Convert -568432 (base 9) to base 15.
-6ae9b
What is 883c0a (base 14) in base 6?
243011134
What is 223131012 (base 5) in base 8?
3614503
Convert 16e97 (base 15) to base 2.
10010000110110111
What is 1111011111100111111 (base 2) in base 10?
507711
Convert 824265 (base 10) to base 8.
3111711
What is -507365 (base 15) in base 4?
-32210323112
-2312122 (base 4) to base 8
-26632
Convert -13172478 (base 9) to base 16.
-62f099
What is -1055304321 (base 6) in base 2?
-101100110000111110111001
What is -21121120001 (base 3) in base 10?
-149851
What is -132208 (base 11) in base 10?
-207886
-4e39c8 (base 15) to base 9
-7057728
202525153 (base 7) to base 11
6768273
What is -1132222 (base 6) in base 14?
-1762a
What is -399009 (base 10) in base 3?
-202021100010
-120120203011 (base 4) to base 9
-13022157
36205 (base 7) to base 3
110211211
553ca (base 16) to base 12
14a062
-119aa68 (base 11) to base 9
-3817732
What is -561559 (base 11) in base 15?
-12a336
What is -2103020212 (base 4) in base 10?
-602662
Convert -330202251 (base 6) to base 10.
-5894743
Convert -313673 (base 8) to base 4.
-121132323
What is 11111101002200 (base 3) in base 11?
1391993
Convert -333650 (base 7) to base 12.
-2a172
-2102102020211 (base 3) to base 13
-3610c0
What is -528486 (base 9) in base 6?
-10424253
What is 100011111000001000001 (base 2) in base 12?
488401
Convert 240020244 (base 5) to base 6.
35245442
What is 6495857 (base 11) in base 15?
1006984
What is -10201112200110 (base 3) in base 13?
-543a11
203333023 (base 4) to base 5
14204103
Convert cc558 (base 14) to base 10.
494978
Convert 14222403 (base 5) to base 12.
71b12
What is 41143234 (base 7) in base 3?
20110201221121
-10b2de (base 15) to base 2
-11000010100111100111
-210021122100 (base 3) to base 10
-418914
Convert -10125146 (base 7) to base 15.
-11ae35
Convert -11101110111010001000 (base 2) to base 11.
-609238
What is 3443134310 (base 5) in base 11?
44393a7
What is 343918 (base 10) in base 16?
53f6e
What is -1a768 (base 15) in base 5?
-10223143
What is -121332103232 (base 4) in base 12?
-2344352
Convert -2055130 (base 7) to base 6.
-5201104
What is 10000213313 (base 4) in base 2?
100000000100111110111
Convert 95a2 (base 16) to base 10.
38306
Convert -1100111210002 (base 3) to base 8.
-2573452
-183876 (base 12) to base 3
-210101201000
Convert 10111010010111011001011 (base 2) to base 14.
b4d73d
Convert -48682 (base 10) to base 9.
-73701
244043321 (base 5) to base 3
2011220010202
What is -144116435 (base 7) in base 14?
-13a89c5
4a7719 (base 12) to base 7
13222434
107301 (base 8) to base 13
13832
What is -5b616 (base 12) in base 15?
-26930
What is 1210221 (base 8) in base 11?
207417
-32021213 (base 5) to base 10
-267058
Convert 151d3 (base 15) to base 4.
100211103
What is -1aed34 (base 15) in base 3?
-2110212000011
Convert -74ee9 (base 16) to base 4.
-1310323221
-10000011010011110010 (base 2) to base 7
-4400024
What is -62452 (base 7) in base 15?
-481a
Convert 138273 (base 13) to base 9.
803500
Convert b51676 (base 12) to base 16.
2b637a
Convert 172b0 (base 14) to base 13.
20628
What is 10111101101000110101 (base 2) in base 15?
10523c
Convert 334123323 (base 6) to base 2.
10111001011100000000011
What is -134858 (base 12) in base 13?
-b2379
What is 113313130131 (base 4) in base 16?
5f771d
-3033343 (base 7) to base 9
-610617
-6919545 (base 10) to base 16
-699579
What is -1531833 (base 13) in base 10?
-6772548
What is 10231016 (base 7) in base 15?
12132b
-85209 (base 10) to base 6
-1454253
What is 20113201 (base 4) in base 12?
17a01
What is -7a118 (base 12) in base 7?
-1245020
Convert -63560 (base 7) to base 10.
-15722
Convert 4132140 (base 5) to base 8.
204323
What is 12179 (base 14) in base 7?
242612
1031003330 (base 4) to base 13
b0894
361877 (base 9) to base 3
102001222121
14ed01 (base 16) to base 10
1371393
16533 (base 8) to base 10
7515
What is -122401054 (base 6) in base 14?
-457802
125025342 (base 6) to base 15
33dbee
-103313002332 (base 4) to base 8
-23670276
159c (base 15) to base 2
1001000100111
What is 789 (base 10) in base 12?
559
What is 118a90 (base 12) in base 8?
1054414
What is -204241402 (base 5) in base 8?
-3201367
Convert -2023030110 (base 4) to base 9.
-1058060
Convert 3448065 (base 9) to base 15.
26bd6e
What is -110211011 (base 3) in base 14?
-3598
Convert 156975 (base 15) to base 5.
231104020
-2230121 (base 6) to base 4
-123202201
What is 2407184 (base 10) in base 2?
1001001011101100010000
Convert -8912890 (base 10) to base 15.
-bb0cca
What is 2301033002 (base 4) in base 7?
6112325
Convert -a4cbe (base 15) to base 5.
-113211004
Convert 5024244 (base 7) to base 16.
91275
3068e (base 15) to base 16
2570f
What is -173252 (base 8) in base 2?
-1111011010101010
-14833 (base 12) to base 2
-111000010100111
22948f (base 16) to base 15
2eb73a
Convert 10135013 (base 6) to base 9.
485440
817837 (base 11) to base 7
14110036
What is 8799d3 (base 15) in base 2?
11000101001101000010101
Convert -8150 (base 13) to base 15.
-5425
Convert -34344046 (base 7) to base 13.
-811927
-223011022100 (base 4) to base 8
-53051220
120122012002 (base 3) to base 11
1a0266
-10010001111110011 (base 2) to base 4
-102033303
What is -336060 (base 9) in base 8?
-611052
-b2a181 (base 12) to base 15
-3a374a
Convert -1524435 (base 6) to base 16.
-15c47
What is 10122001321 (base 4) in base 8?
4320171
Convert -10220020021 (base 3) to base 13.
-28bc1
Convert 441875 (base 13) to base 2.
110000111010111110101
Convert -101120002012 (base 3) to base 5.
-23122244
Convert -204614 (base 8) to base 13.
-24c33
What is -5412 (base 8) in base 10?
-2826
-aa454a (base 11) to base 9
-3276221
What is 72498 (base 16) in base 14?
c2852
-50c85a (base 16) to base 9
-10858211
16bf16 (base 16) to base 9
2721774
Convert 29584 (base 14) to base 15.
20619
-1888a4 (base 15) to base 11
-745625
Convert 196378 (base 11) to base 13.
a7175
What is -1100100101000111010101 (base 2) in base 14?
-61bb37
What is -120442422 (base 5) in base 16?
-8943d
What is -1077256 (base 11) in base 9?
-3480814
What is 4c792 (base 14) in base 8?
557274
What is -1ca40 (base 13) in base 4?
-31311123
What is -313210211 (base 5) in base 8?
-4762376
What is -10ed6 (base 16) in base 4?
-100323112
What is 636276 (base 14) in base 4?
30310012300
What is 21763517 (base 9) in base 16?
a10578
Convert 11121010212 (base 3) to base 16.
16184
What is 2031301101 (base 4) in base 8?
2156121
Convert -2124664 (base 7) to base 3.
-111010202111
What is -11000010111011001110011 (base 2) in base 7?
-105201624
What is 12085a8 (base 12) in base 5?
1343421240
What is 212110 (base 7) in base 8?
107625
What is 1232024331 (base 5) in base 3?
12122111202022
What is 928240 (base 11) in base 9?
2720404
Convert -3063497 (base 10) to base 11.
-1802718
What is 160bb38 (base 12) in base 10?
4499612
What is 33589c (base 13) in base 6?
41551124
Convert 13b695 (base 12) to base 10.
331025
What is -581188 (base 9) in base 3?
-122201012222
-dd294 (base 14) to base 7
-4360344
What is -3032101200 (base 5) in base 15?
-810bd5
What is -13370685 (base 10) in base 5?
-11410330220
Convert 25437211 (base 8) to base 3.
101122011020020
What is -22011330130 (base 4) in base 6?
-132413004
Convert 223421044 (base 5) to base 4.
3303232002
Convert 33432115 (base 6) to base 9.
1816582
Convert 1144769 (base 16) to base 5.
14113344332
10444233 (base 5) to base 7
540105
3b60c0 (base 16) to base 4
32312003000
1498b25 (base 12) to base 16
3fd54d
Convert 2031331000 (base 4) to base 6.
20243504
What is -310020300 (base 4) in base 15?
-4341c
What is 1fc396 (base 16) in base 14?
3c28bc
Convert -1020112101 (base 4) to base 7.
-2342646
-223333 (base 7) to base 14
-1061a
What is -142b5 (base 14) in base 5?
-3044233
What is -8272690 (base 10) in base 8?
-37435462
Convert 625122 (base 9) to base 3.
200212010202
What is -233020323 (base 5) in base 15?
-160328
10314214440 (base 5